{"id":24,"date":"2023-05-18T11:08:12","date_gmt":"2023-05-18T09:08:12","guid":{"rendered":"http:\/\/www.muza.unizg.hr\/psymu2024\/?page_id=24"},"modified":"2024-10-08T09:39:04","modified_gmt":"2024-10-08T07:39:04","slug":"commitees-and-volunteers","status":"publish","type":"page","link":"http:\/\/www.muza.unizg.hr\/psymu2024\/commitees-and-volunteers\/","title":{"rendered":"COMMITTEES"},"content":{"rendered":"<h2 style=\"text-align: left;\"><span style=\"color: #545252;\">Heads of the Programme &amp; Organising Committees<\/span><\/h2>\n<p><span style=\"color: #545252;\"><strong>Sanja Ki\u0161 \u017duvela<\/strong>, University of Zagreb Academy of Music, Department of Musicology<\/span><br \/>\n<span style=\"color: #545252;\"><strong>Ana Butkovi\u0107<\/strong>, University of Zagreb Faculty of Humanities and Social Sciences, Department of Psychology<\/span><\/p>\n<h4><span style=\"color: #545252;\">Programme advisor:<\/span><\/h4>\n<p><span style=\"color: #545252;\"><strong>Blanka Bogunovi\u0107<\/strong>, University of Arts, Faculty of Music, Belgrade<\/span><\/p>\n<h2><\/h2>\n<h2><span style=\"color: #545252;\">Programme Committee<\/span><\/h2>\n<p><span style=\"color: #545252;\"><strong>Mihailo Antovi\u0107<\/strong>, University of Ni\u0161, Department of English and Center for Cognitive Sciences<br \/>\n<\/span><span style=\"color: #545252;\"><strong>Bla\u017eenka Ba\u010dlija Su\u0161i\u0107<\/strong>, University of Zagreb Faculty of Teacher Education<br \/>\n<strong>Jos\u00e9 Luis Besada Portas<\/strong>, Complutense University of Madrid, Department of Musicology<br \/>\n<\/span><span style=\"color: #545252;\"><strong>Blanka Bogunovi\u0107<\/strong>, University of Arts, Faculty of Music, Belgrade<br \/>\n<\/span><span style=\"color: #545252;\"><strong>Ana Butkovi\u0107<\/strong>, University of Zagreb Faculty of Humanities and Social Sciences, Department of Psychology<br \/>\n<\/span><span style=\"color: #545252;\"><strong>Snje\u017eana Dobrota<\/strong>, University of Split Faculty of Philosophy and Social Sciences<br \/>\n<\/span><span style=\"color: #545252;\"><strong>Helena Duki\u0107<\/strong>, University of Zagreb Academy of Music, Department of Musicology<br \/>\n<\/span><strong style=\"color: #545252; font-size: 1em; font-family: var(--font-base, 'Source Sans Pro', Arial, sans-serif);\">Dragutin Ivanec, <\/strong><span style=\"color: #545252; font-size: 1em; font-family: var(--font-base, 'Source Sans Pro', Arial, sans-serif);\">University of Zagreb, Faculty of Humanities and Social Sciences<br \/>\n<\/span><strong><span class=\"profile-details-sidebar__name\">Zorana Ivcevic Pringle<\/span><\/strong>, Yale University, Yale Center for Emotional Intelligence<br \/>\n<span style=\"color: #545252;\"><strong>Katarina Habe<\/strong>, University of Ljubljana Academy of Music<br \/>\n<\/span><span style=\"color: #545252;\"><strong>Gordana Karan<\/strong>, University of Arts, Faculty of Music, Belgrade<br \/>\n<\/span><span style=\"color: #545252;\"><strong>Aleksandra Kardum<\/strong>, Center for Autism, Split \/ University of Split Faculty of Philosophy and Social Sciences<br \/>\n<\/span><span style=\"color: #545252;\"><strong>Senad Kazi\u0107<\/strong>, University of Sarajevo, Academy of Music<br \/>\n<\/span><span style=\"color: #545252;\"><strong>Sanja Ki\u0161 \u017duvela<\/strong>, University of Zagreb Academy of Music, Department of Musicology<br \/>\n<\/span><span style=\"color: #545252;\"><strong>Zora Krnjai\u0107<\/strong>, University of Belgrade, Faculty of Philosophy, Institute of Psychology<br \/>\n<\/span><span style=\"color: #545252;\"><strong>Jasna Martinovi\u0107<\/strong>, University of Edinburgh, School of Psychology<br \/>\n<\/span><span style=\"color: #545252;\"><strong>Nikolina Mato\u0161<\/strong>, University of Zagreb Academy of Music, Department of Music Pedagogy<br \/>\n<\/span><span style=\"color: #545252;\"><strong>Sanela Nikoli\u0107<\/strong>, University of Arts, Faculty of Music, Belgrade<br \/>\n<\/span><span style=\"color: #545252;\"><strong>Richard Parncutt<\/strong>, University of Graz, Centre for Systematic Musicology<br \/>\n<\/span><strong style=\"font-size: 1em; background-color: var(--wp--preset--color--white); color: var(--wp--preset--color--foreground); font-family: var(--font-base, 'Source Sans Pro', Arial, sans-serif);\">M<\/strong><strong style=\"font-size: 1em; color: var(--wp--preset--color--foreground); font-family: var(--font-base, 'Source Sans Pro', Arial, sans-serif); background-color: var(--wp--preset--color--white);\">ilena Petrovi\u0107,\u00a0<\/strong>University of Arts, Faculty of Music, Belgrade<br \/>\n<span style=\"color: #545252;\"><strong>Ksenija Rado\u0161<\/strong>, University of Belgrade, Faculty of Philosophy, Institute of Psychology, PC Honorary member<br \/>\n<\/span><span style=\"color: #545252;\"><strong>Ina Rei\u0107 Ercegovac<\/strong>, University of Split Faculty of Philosophy and Social Sciences<br \/>\n<\/span><span style=\"color: #545252;\"><strong>Suvi Saarikallio<\/strong>, University of Jyv\u00e4skyl\u00e4, Department of Music, ESCOM EC Member<br \/>\n<\/span><span style=\"color: #545252;\"><strong>Andrea Schiavio<\/strong>, University of York, ESCOM President<br \/>\n<\/span><span style=\"color: #545252;\"><strong>Marina Videnovi\u0107<\/strong>, University of Belgrade, Faculty of Philosophy, Institute of Psychology<br \/>\n<\/span><span style=\"color: #545252;\"><strong>Sabina Vidulin<\/strong>, Juraj Dobrila University of Pula, Academy of Music, Department of Music Education<br \/>\n<strong>Ida Vujovi\u0107<\/strong>, Royal Conservatory of the Hague<\/span><span style=\"color: #545252;\"><br \/>\n<\/span><span style=\"color: #545252;\"><strong>Valnea \u017dauhar<\/strong>, University of Rijeka, Faculty of Humanities and Social Sciences, Department of Psychology<\/span><\/p>\n<h2><span style=\"color: #545252;\">Organising Committee<\/span><\/h2>\n<p><span style=\"color: #545252;\"><strong>Ana Butkovi\u0107<\/strong>, University of Zagreb Faculty of Humanities and Social Sciences, Department of Psychology<br \/>\n<\/span><strong>Ana \u010cizmi\u0107 Grbi\u0107<\/strong>, <span style=\"color: #545252;\">University of Zagreb Academy of Music, Department of Musicology<\/span><br \/>\n<span style=\"color: #545252;\"><strong>Ana \u010cori\u0107<\/strong>, University of Zagreb Academy of Music, Department of Music Pedagogy<br \/>\n<\/span><strong>Ivan \u0106urkovi\u0107<\/strong>, <span style=\"color: #545252;\">University of Zagreb Academy of Music, Department of Musicology<\/span><br \/>\n<span style=\"color: #545252;\"><strong>Helena Duki\u0107<\/strong>, University of Zagreb Academy of Music, Department of Musicology<\/span><br \/>\n<strong>Aleksandra Hui\u0107<\/strong>, University of Zagreb Faculty of Humanities and Social Sciences, Department of Psychology<br \/>\n<strong>Nata\u0161a Joki\u0107 Begi\u0107<\/strong>, University of Zagreb Faculty of Humanities and Social Sciences, Department of Psychology<br \/>\n<span style=\"color: #545252;\"><strong>Sanja Ki\u0161 \u017duvela<\/strong>, University of Zagreb Academy of Music, Department of Musicology<br \/>\n<\/span><strong>Martina Lozi\u0107<\/strong>, University of Zagreb Faculty of Humanities and Social Sciences, Department of Psychology<br \/>\n<span style=\"color: #545252;\"><strong>Nikolina Mato\u0161<\/strong>, University of Zagreb Academy of Music, Department of Music Pedagogy<\/span><br \/>\n<span style=\"color: #545252;\"><strong>Dejana Mutavd\u017ein<\/strong>, University of Arts, Faculty of Music, Belgrade<\/span><br \/>\n<span style=\"color: #545252;\"><strong>Ivor Prajdi\u0107<\/strong>, University of Zagreb Academy of Music, Department of Music Pedagogy<\/span><br \/>\n<span style=\"color: #545252;\"><strong>Brigita Vil\u010d<\/strong>, University of Zagreb Faculty of Education and Rehabilitation Studies &amp; Academy of Music, Department of Music Pedagogy<\/span><br \/>\n<strong>Tena Vukasovi\u0107 Hlupi\u0107<\/strong>, University of Zagreb Faculty of Humanities and Social Sciences, Department of Psychology<br \/>\n<strong>Ana Vukeli\u0107<\/strong>, University of Zagreb Faculty of Humanities and Social Sciences, Department of Psychology<br \/>\n<strong>Iva Vukojevi\u0107<\/strong>, University of Zagreb Faculty of Humanities and Social Sciences, Department of Psychology<\/p>\n","protected":false},"excerpt":{"rendered":"<p>Heads of the Programme &amp; Organising Committees Sanja Ki\u0161 \u017duvela, University of Zagreb Academy of Music, Department of Musicology Ana Butkovi\u0107, University of Zagreb Faculty of Humanities and Social Sciences, Department of Psychology Programme advisor: Blanka Bogunovi\u0107, University of Arts, Faculty of Music, Belgrade Programme Committee Mihailo Antovi\u0107, University of Ni\u0161, Department of English and<a class=\"more-link\" href=\"http:\/\/www.muza.unizg.hr\/psymu2024\/commitees-and-volunteers\/\">Continue reading <span class=\"screen-reader-text\">&#8220;COMMITTEES&#8221;<\/span><\/a><\/p>\n","protected":false},"author":1,"featured_media":0,"parent":0,"menu_order":0,"comment_status":"closed","ping_status":"closed","template":"","meta":{"footnotes":"","_links_to":"","_links_to_target":""},"class_list":["post-24","page","type-page","status-publish","hentry","entry"],"_links":{"self":[{"href":"http:\/\/www.muza.unizg.hr\/psymu2024\/wp-json\/wp\/v2\/pages\/24","targetHints":{"allow":["GET"]}}],"collection":[{"href":"http:\/\/www.muza.unizg.hr\/psymu2024\/wp-json\/wp\/v2\/pages"}],"about":[{"href":"http:\/\/www.muza.unizg.hr\/psymu2024\/wp-json\/wp\/v2\/types\/page"}],"author":[{"embeddable":true,"href":"http:\/\/www.muza.unizg.hr\/psymu2024\/wp-json\/wp\/v2\/users\/1"}],"replies":[{"embeddable":true,"href":"http:\/\/www.muza.unizg.hr\/psymu2024\/wp-json\/wp\/v2\/comments?post=24"}],"version-history":[{"count":46,"href":"http:\/\/www.muza.unizg.hr\/psymu2024\/wp-json\/wp\/v2\/pages\/24\/revisions"}],"predecessor-version":[{"id":725,"href":"http:\/\/www.muza.unizg.hr\/psymu2024\/wp-json\/wp\/v2\/pages\/24\/revisions\/725"}],"wp:attachment":[{"href":"http:\/\/www.muza.unizg.hr\/psymu2024\/wp-json\/wp\/v2\/media?parent=24"}],"curies":[{"name":"wp","href":"https:\/\/api.w.org\/{rel}","templated":true}]}}